{"version":"1.0","provider_name":"Instituto Crearte","provider_url":"https:\/\/institutocrearte.cl\/wp","author_name":"administrador","author_url":"https:\/\/institutocrearte.cl\/wp\/author\/administrador\/","title":"Imagen y Estilo Personal - Instituto Crearte","type":"rich","width":600,"height":338,"html":"<blockquote class=\"wp-embedded-content\" data-secret=\"eCqTwVfOfL\"><a href=\"https:\/\/institutocrearte.cl\/wp\/producto\/imagen-y-estilo-personal\/\">Imagen y Estilo Personal<\/a><\/blockquote><iframe sandbox=\"allow-scripts\" security=\"restricted\" src=\"https:\/\/institutocrearte.cl\/wp\/producto\/imagen-y-estilo-personal\/embed\/#?secret=eCqTwVfOfL\" width=\"600\" height=\"338\" title=\"\u00abImagen y Estilo Personal\u00bb \u2014 Instituto Crearte\" data-secret=\"eCqTwVfOfL\" frameborder=\"0\" marginwidth=\"0\" marginheight=\"0\" scrolling=\"no\" class=\"wp-embedded-content\"><\/iframe><script>\n\/*! This file is auto-generated *\/\n!function(d,l){\"use strict\";l.querySelector&&d.addEventListener&&\"undefined\"!=typeof URL&&(d.wp=d.wp||{},d.wp.receiveEmbedMessage||(d.wp.receiveEmbedMessage=function(e){var t=e.data;if((t||t.secret||t.message||t.value)&&!\/[^a-zA-Z0-9]\/.test(t.secret)){for(var s,r,n,a=l.querySelectorAll('iframe[data-secret=\"'+t.secret+'\"]'),o=l.querySelectorAll('blockquote[data-secret=\"'+t.secret+'\"]'),c=new RegExp(\"^https?:$\",\"i\"),i=0;i<o.length;i++)o[i].style.display=\"none\";for(i=0;i<a.length;i++)s=a[i],e.source===s.contentWindow&&(s.removeAttribute(\"style\"),\"height\"===t.message?(1e3<(r=parseInt(t.value,10))?r=1e3:~~r<200&&(r=200),s.height=r):\"link\"===t.message&&(r=new URL(s.getAttribute(\"src\")),n=new URL(t.value),c.test(n.protocol))&&n.host===r.host&&l.activeElement===s&&(d.top.location.href=t.value))}},d.addEventListener(\"message\",d.wp.receiveEmbedMessage,!1),l.addEventListener(\"DOMContentLoaded\",function(){for(var e,t,s=l.querySelectorAll(\"iframe.wp-embedded-content\"),r=0;r<s.length;r++)(t=(e=s[r]).getAttribute(\"data-secret\"))||(t=Math.random().toString(36).substring(2,12),e.src+=\"#?secret=\"+t,e.setAttribute(\"data-secret\",t)),e.contentWindow.postMessage({message:\"ready\",secret:t},\"*\")},!1)))}(window,document);\n<\/script>\n","thumbnail_url":"https:\/\/institutocrearte.cl\/wp\/wp-content\/uploads\/2026\/08\/curso-de-imagen-personal.jpg","thumbnail_width":700,"thumbnail_height":875,"description":"Curso de Imagen y Estilo Personal Descubre c\u00f3mo potenciar la imagen a trav\u00e9s del estilo, las prendas y los accesorios.  Un curso pr\u00e1ctico de 2 meses para aprender los principales fundamentos de la asesor\u00eda de imagen y aplicarlos tanto a nivel personal como en la orientaci\u00f3n de otras personas.  Aprender\u00e1s a reconocer los estilos universales, analizar diferentes tipolog\u00edas, seleccionar prendas, textiles y accesorios, organizar un guardarropa funcional y desarrollar criterios para realizar recomendaciones de imagen.  Tambi\u00e9n conocer\u00e1s herramientas utilizadas en servicios de Personal Shopper, junto con conceptos esenciales de etiqueta y protocolo.  &nbsp; \u00bfA qui\u00e9n est\u00e1 dirigido? A personas interesadas en imagen, moda y estilo personal, que quieran adquirir herramientas para potenciar su propia imagen o comenzar a explorar el \u00e1rea de la asesor\u00eda de imagen.  No necesitas conocimientos previos. Modalidades MODALIDAD: Presencial y Online  \ud83d\udcc5 Inicio: 19 de octubre \u23f1\ufe0f Duraci\u00f3n: 2 meses   Valor mensual: $149.000  Una formaci\u00f3n breve y pr\u00e1ctica para comenzar a desarrollar una mirada profesional sobre el estilo y la imagen personal."}

Curso de Imagen y Estilo Personal Descubre cómo potenciar la imagen a través del estilo, las prendas y los accesorios.  Un curso práctico de 2 meses para aprender los principales fundamentos de la asesoría de imagen y aplicarlos tanto a nivel personal como en la orientación de otras personas.  Aprenderás a reconocer los estilos universales, analizar diferentes tipologías, seleccionar prendas, textiles y accesorios, organizar un guardarropa funcional y desarrollar criterios para realizar recomendaciones de imagen.  También conocerás herramientas utilizadas en servicios de Personal Shopper, junto con conceptos esenciales de etiqueta y protocolo.  &nbsp; ¿A quién está dirigido? A personas interesadas en imagen, moda y estilo personal, que quieran adquirir herramientas para potenciar su propia imagen o comenzar a explorar el área de la asesoría de imagen.  No necesitas conocimientos previos. Modalidades MODALIDAD: Presencial y Online  📅 Inicio: 19 de octubre ⏱️ Duración: 2 meses   Valor mensual: $149.000  Una formación breve y práctica para comenzar a desarrollar una mirada profesional sobre el estilo y la imagen personal.
